[INFO] cloning repository https://github.com/Lymia/sylph-verifier
[INFO] running `Command { std: "git" "-c" "credential.helper=" "-c" "credential.helper=/workspace/cargo-home/bin/git-credential-null" "clone" "--bare" "https://github.com/Lymia/sylph-verifier" "/workspace/cache/git-repos/https%3A%2F%2Fgithub.com%2FLymia%2Fsylph-verifier", kill_on_drop: false }`
[INFO] [stderr] Cloning into bare repository '/workspace/cache/git-repos/https%3A%2F%2Fgithub.com%2FLymia%2Fsylph-verifier'...
[INFO] running `Command { std: "git" "rev-parse" "HEAD", kill_on_drop: false }`
[INFO] [stdout] 1d989efad9436915f706d6baaab5752f308d968a
[INFO] checking Lymia/sylph-verifier against master#e6e4f7ed1589e03bc2f6c5931c1a72e7947e8682 for beta-170-4
[INFO] running `Command { std: "git" "clone" "/workspace/cache/git-repos/https%3A%2F%2Fgithub.com%2FLymia%2Fsylph-verifier" "/workspace/builds/worker-5-tc2/source", kill_on_drop: false }`
[INFO] [stderr] Cloning into '/workspace/builds/worker-5-tc2/source'...
[INFO] [stderr] done.
[INFO] validating manifest of git repo https://github.com/Lymia/sylph-verifier on toolchain e6e4f7ed1589e03bc2f6c5931c1a72e7947e8682
[INFO] running `Command { std: CARGO_HOME="/workspace/cargo-home" RUSTUP_HOME="/workspace/rustup-home" "/workspace/cargo-home/bin/cargo" "+e6e4f7ed1589e03bc2f6c5931c1a72e7947e8682" "metadata" "--manifest-path" "Cargo.toml" "--no-deps", kill_on_drop: false }`
[INFO] started tweaking git repo https://github.com/Lymia/sylph-verifier
[INFO] finished tweaking git repo https://github.com/Lymia/sylph-verifier
[INFO] tweaked toml for git repo https://github.com/Lymia/sylph-verifier written to /workspace/builds/worker-5-tc2/source/Cargo.toml
[INFO] crate git repo https://github.com/Lymia/sylph-verifier already has a lockfile, it will not be regenerated
[INFO] running `Command { std: CARGO_HOME="/workspace/cargo-home" RUSTUP_HOME="/workspace/rustup-home" "/workspace/cargo-home/bin/cargo" "+e6e4f7ed1589e03bc2f6c5931c1a72e7947e8682" "fetch" "--manifest-path" "Cargo.toml", kill_on_drop: false }`
[INFO] running `Command { std: "docker" "create" "-v" "/var/lib/crater-agent-workspace/builds/worker-5-tc2/target:/opt/rustwide/target:rw,Z" "-v" "/var/lib/crater-agent-workspace/builds/worker-5-tc2/source:/opt/rustwide/workdir:ro,Z" "-v" "/var/lib/crater-agent-workspace/cargo-home:/opt/rustwide/cargo-home:ro,Z" "-v" "/var/lib/crater-agent-workspace/rustup-home:/opt/rustwide/rustup-home:ro,Z" "-e" "SOURCE_DIR=/opt/rustwide/workdir" "-e" "CARGO_TARGET_DIR=/opt/rustwide/target" "-e" "CARGO_HOME=/opt/rustwide/cargo-home" "-e" "RUSTUP_HOME=/opt/rustwide/rustup-home" "-w" "/opt/rustwide/workdir" "-m" "1610612736" "--user" "0:0" "--network" "none" "ghcr.io/rust-lang/crates-build-env/linux@sha256:19e73879b68f455e41552ea35293514db52ea292d993f571636dbffedb77a1ee" "/opt/rustwide/cargo-home/bin/cargo" "+e6e4f7ed1589e03bc2f6c5931c1a72e7947e8682" "metadata" "--no-deps" "--format-version=1", kill_on_drop: false }`
[INFO] [stdout] 4d67b6041a545ec50d1c6e9084c416de659e01a3aff396c4b6ab35bf1ed48728
[INFO] running `Command { std: "docker" "start" "-a" "4d67b6041a545ec50d1c6e9084c416de659e01a3aff396c4b6ab35bf1ed48728", kill_on_drop: false }`
[INFO] running `Command { std: "docker" "inspect" "4d67b6041a545ec50d1c6e9084c416de659e01a3aff396c4b6ab35bf1ed48728", kill_on_drop: false }`
[INFO] running `Command { std: "docker" "rm" "-f" "4d67b6041a545ec50d1c6e9084c416de659e01a3aff396c4b6ab35bf1ed48728", kill_on_drop: false }`
[INFO] [stdout] 4d67b6041a545ec50d1c6e9084c416de659e01a3aff396c4b6ab35bf1ed48728
[INFO] running `Command { std: "docker" "create" "-v" "/var/lib/crater-agent-workspace/builds/worker-5-tc2/target:/opt/rustwide/target:rw,Z" "-v" "/var/lib/crater-agent-workspace/builds/worker-5-tc2/source:/opt/rustwide/workdir:ro,Z" "-v" "/var/lib/crater-agent-workspace/cargo-home:/opt/rustwide/cargo-home:ro,Z" "-v" "/var/lib/crater-agent-workspace/rustup-home:/opt/rustwide/rustup-home:ro,Z" "-e" "SOURCE_DIR=/opt/rustwide/workdir" "-e" "CARGO_TARGET_DIR=/opt/rustwide/target" "-e" "CARGO_INCREMENTAL=0" "-e" "RUST_BACKTRACE=full" "-e" "RUSTFLAGS=--cap-lints=forbid" "-e" "RUSTDOCFLAGS=--cap-lints=forbid" "-e" "CARGO_HOME=/opt/rustwide/cargo-home" "-e" "RUSTUP_HOME=/opt/rustwide/rustup-home" "-w" "/opt/rustwide/workdir" "-m" "1610612736" "--user" "0:0" "--network" "none" "ghcr.io/rust-lang/crates-build-env/linux@sha256:19e73879b68f455e41552ea35293514db52ea292d993f571636dbffedb77a1ee" "/opt/rustwide/cargo-home/bin/cargo" "+e6e4f7ed1589e03bc2f6c5931c1a72e7947e8682" "check" "--frozen" "--all" "--all-targets" "--message-format=json", kill_on_drop: false }`
[INFO] [stdout] a3c2f0624cef91f460281b8e603cd1a45cc7423313ffbead08141a40e2f213ef
[INFO] running `Command { std: "docker" "start" "-a" "a3c2f0624cef91f460281b8e603cd1a45cc7423313ffbead08141a40e2f213ef", kill_on_drop: false }`
[INFO] [stderr]    Compiling libc v0.2.114
[INFO] [stderr]    Compiling proc-macro2 v1.0.36
[INFO] [stderr]    Compiling log v0.4.14
[INFO] [stderr]    Compiling pkg-config v0.3.24
[INFO] [stderr]    Compiling syn v1.0.86
[INFO] [stderr]    Compiling autocfg v0.1.7
[INFO] [stderr]    Compiling getrandom v0.1.16
[INFO] [stderr]    Compiling rand_core v0.4.2
[INFO] [stderr]    Compiling ppv-lite86 v0.2.16
[INFO] [stderr]    Compiling indexmap v1.8.0
[INFO] [stderr]     Checking hashbrown v0.11.2
[INFO] [stderr]    Compiling siphasher v0.3.9
[INFO] [stderr]    Compiling unicase v1.4.2
[INFO] [stderr]    Compiling siphasher v0.2.3
[INFO] [stderr]     Checking tinyvec v1.5.1
[INFO] [stderr]     Checking gimli v0.26.1
[INFO] [stderr]    Compiling phf_shared v0.7.24
[INFO] [stderr]    Compiling rand_core v0.3.1
[INFO] [stderr]    Compiling phf_shared v0.8.0
[INFO] [stderr]    Compiling rand_isaac v0.1.1
[INFO] [stderr]    Compiling rand_xorshift v0.1.1
[INFO] [stderr]    Compiling rand_hc v0.1.0
[INFO] [stderr]    Compiling rand_jitter v0.1.4
[INFO] [stderr]    Compiling rand_pcg v0.1.2
[INFO] [stderr]    Compiling rand_chacha v0.1.1
[INFO] [stderr]    Compiling rand v0.6.5
[INFO] [stderr]     Checking smallvec v1.8.0
[INFO] [stderr]    Compiling futures-core v0.3.19
[INFO] [stderr]    Compiling serde v1.0.136
[INFO] [stderr]    Compiling httparse v1.5.1
[INFO] [stderr]     Checking unicode-bidi v0.3.7
[INFO] [stderr]    Compiling parking_lot_core v0.8.5 (https://github.com/Amanieu/parking_lot?rev=8019473#80194730)
[INFO] [stderr]    Compiling openssl v0.10.38
[INFO] [stderr]     Checking fixedbitset v0.2.0
[INFO] [stderr]     Checking once_cell v1.9.0
[INFO] [stderr]     Checking slab v0.4.5
[INFO] [stderr]     Checking unicode-normalization v0.1.19
[INFO] [stderr]     Checking itoa v1.0.1
[INFO] [stderr]    Compiling native-tls v0.2.8
[INFO] [stderr]     Checking lock_api v0.4.5 (https://github.com/Amanieu/parking_lot?rev=8019473#80194730)
[INFO] [stderr]    Compiling quote v1.0.15
[INFO] [stderr]     Checking openssl-probe v0.1.5
[INFO] [stderr]     Checking bytes v0.5.6
[INFO] [stderr]     Checking petgraph v0.5.1
[INFO] [stderr]     Checking log v0.3.9
[INFO] [stderr]    Compiling unicase v2.6.0
[INFO] [stderr]     Checking num_cpus v1.13.1
[INFO] [stderr]     Checking thread-id v4.0.0
[INFO] [stderr]     Checking iovec v0.1.4
[INFO] [stderr]    Compiling jobserver v0.1.24
[INFO] [stderr]    Compiling rand_os v0.1.3
[INFO] [stderr]     Checking net2 v0.2.37
[INFO] [stderr]     Checking time v0.1.44
[INFO] [stderr]    Compiling generic-array v0.14.5
[INFO] [stderr]    Compiling cc v1.0.72
[INFO] [stderr]    Compiling rand_core v0.5.1
[INFO] [stderr]     Checking pin-project-lite v0.2.8
[INFO] [stderr]     Checking pin-project-lite v0.1.12
[INFO] [stderr]    Compiling tinyvec_macros v0.1.0
[INFO] [stderr]    Compiling futures-task v0.3.19
[INFO] [stderr]     Checking mio v0.6.23
[INFO] [stderr]     Checking phf v0.7.24
[INFO] [stderr]     Checking mime v0.2.6
[INFO] [stderr]    Compiling rand_pcg v0.2.1
[INFO] [stderr]    Compiling rand_chacha v0.2.2
[INFO] [stderr]     Checking idna v0.1.5
[INFO] [stderr]     Checking generic-array v0.12.4
[INFO] [stderr]     Checking tracing-core v0.1.21
[INFO] [stderr]     Checking byte-tools v0.3.1
[INFO] [stderr]    Compiling unicode-xid v0.0.4
[INFO] [stderr]    Compiling futures-util v0.3.19
[INFO] [stderr]    Compiling matches v0.1.9
[INFO] [stderr]    Compiling maybe-uninit v2.0.0
[INFO] [stderr]     Checking safemem v0.3.3
[INFO] [stderr]     Checking new_debug_unreachable v1.0.4
[INFO] [stderr]    Compiling rand v0.7.3
[INFO] [stderr]     Checking itoa v0.4.8
[INFO] [stderr]     Checking base64 v0.9.3
[INFO] [stderr]     Checking tracing v0.1.29
[INFO] [stderr]     Checking url v1.7.2
[INFO] [stderr]     Checking http v0.2.6
[INFO] [stderr]     Checking tokio v0.2.25
[INFO] [stderr]    Compiling synom v0.11.3
[INFO] [stderr]    Compiling phf_generator v0.7.24
[INFO] [stderr]    Compiling phf_codegen v0.7.24
[INFO] [stderr]     Checking block-padding v0.1.5
[INFO] [stderr]    Compiling nom v4.2.3
[INFO] [stderr]     Checking precomputed-hash v0.1.1
[INFO] [stderr]    Compiling futures-channel v0.3.19
[INFO] [stderr]    Compiling strsim v0.10.0
[INFO] [stderr]     Checking mac v0.1.1
[INFO] [stderr]     Checking futures-io v0.3.19
[INFO] [stderr]    Compiling fnv v1.0.7
[INFO] [stderr]     Checking futures-sink v0.3.19
[INFO] [stderr]    Compiling ident_case v1.0.1
[INFO] [stderr]    Compiling quote v0.3.15
[INFO] [stderr]     Checking addr2line v0.17.0
[INFO] [stderr]    Compiling percent-encoding v2.1.0
[INFO] [stderr]    Compiling phf_generator v0.8.0
[INFO] [stderr]     Checking hyper v0.10.16
[INFO] [stderr]    Compiling form_urlencoded v1.0.1
[INFO] [stderr]    Compiling syn v0.11.11
[INFO] [stderr]    Compiling phf_codegen v0.8.0
[INFO] [stderr]    Compiling openssl-sys v0.9.72
[INFO] [stderr]    Compiling backtrace v0.3.63
[INFO] [stderr]    Compiling libz-sys v1.1.3
[INFO] [stderr]    Compiling libssh2-sys v0.2.23
[INFO] [stderr]    Compiling libgit2-sys v0.9.2
[INFO] [stderr]    Compiling string_cache_codegen v0.5.1
[INFO] [stderr]     Checking futf v0.1.4
[INFO] [stderr]    Compiling mime_guess v1.8.8
[INFO] [stderr]    Compiling terminfo v0.6.1
[INFO] [stderr]    Compiling idna v0.2.3
[INFO] [stderr]     Checking block-buffer v0.7.3
[INFO] [stderr]    Compiling nix v0.7.0
[INFO] [stderr]     Checking digest v0.8.1
[INFO] [stderr]    Compiling markup5ever v0.10.1
[INFO] [stderr]     Checking rand v0.4.6
[INFO] [stderr]     Checking parking_lot v0.11.2 (https://github.com/Amanieu/parking_lot?rev=8019473#80194730)
[INFO] [stderr]    Compiling num-integer v0.1.44
[INFO] [stderr]     Checking fake-simd v0.1.2
[INFO] [stderr]    Compiling crc32fast v1.3.1
[INFO] [stderr]     Checking opaque-debug v0.2.3
[INFO] [stderr]     Checking unicode-width v0.1.9
[INFO] [stderr]     Checking ryu v1.0.9
[INFO] [stderr]     Checking want v0.3.0
[INFO] [stderr]     Checking sha-1 v0.8.2
[INFO] [stderr]     Checking tendril v0.4.2
[INFO] [stderr]     Checking dtoa-short v0.3.3
[INFO] [stderr]     Checking string_cache v0.8.2
[INFO] [stderr]    Compiling url v2.2.2
[INFO] [stderr]     Checking http-body v0.3.1
[INFO] [stderr]    Compiling mime_guess v2.0.3
[INFO] [stderr]    Compiling synstructure v0.6.1
[INFO] [stderr]     Checking smallvec v0.6.14
[INFO] [stderr]     Checking tokio-util v0.3.1
[INFO] [stderr]    Compiling selectors v0.22.0
[INFO] [stderr]    Compiling libsqlite3-sys v0.18.0
[INFO] [stderr]    Compiling lz4-sys v1.9.2
[INFO] [stderr]     Checking socket2 v0.3.19
[INFO] [stderr]     Checking base64 v0.10.1
[INFO] [stderr]     Checking void v1.0.2
[INFO] [stderr]     Checking httpdate v0.3.2
[INFO] [stderr]    Compiling serde_derive v1.0.136
[INFO] [stderr]    Compiling serde_json v1.0.78
[INFO] [stderr]    Compiling encoding_rs v0.8.30
[INFO] [stderr]     Checking bitflags v0.4.0
[INFO] [stderr]    Compiling convert_case v0.4.0
[INFO] [stderr]     Checking nodrop v0.1.14
[INFO] [stderr]    Compiling bitflags v1.3.2
[INFO] [stderr]     Checking stable_deref_trait v1.2.0
[INFO] [stderr]     Checking remove_dir_all v0.5.3
[INFO] [stderr]     Checking tempdir v0.3.7
[INFO] [stderr]     Checking servo_arc v0.1.1
[INFO] [stderr]     Checking smallstr v0.1.0
[INFO] [stderr]     Checking rand v0.3.23
[INFO] [stderr]     Checking digest v0.9.0
[INFO] [stderr]     Checking fxhash v0.2.1
[INFO] [stderr]     Checking safemem v0.2.0
[INFO] [stderr]     Checking thin-slice v0.1.1
[INFO] [stderr]     Checking antidote v1.0.0
[INFO] [stderr]     Checking subtle v2.4.1
[INFO] [stderr]     Checking sha1_smol v1.0.0
[INFO] [stderr]     Checking lru-cache v0.1.2
[INFO] [stderr]     Checking chrono v0.4.19
[INFO] [stderr]     Checking flate2 v1.0.22
[INFO] [stderr]     Checking crypto-mac v0.9.1
[INFO] [stderr]     Checking sha1 v0.6.1
[INFO] [stderr]    Compiling failure_derive v1.0.0 (https://github.com/withoutboats/failure.git#514aa258)
[INFO] [stderr]    Compiling display_derive v1.0.0 (https://github.com/withoutboats/display_derive#5d6bac2f)
[INFO] [stderr]     Checking multipart v0.13.6
[INFO] [stderr]     Checking serde_urlencoded v0.7.1
[INFO] [stderr]     Checking getopts v0.2.21
[INFO] [stderr]     Checking scheduled-thread-pool v0.2.5
[INFO] [stderr]    Compiling darling_core v0.13.1
[INFO] [stderr]     Checking block-buffer v0.9.0
[INFO] [stderr]     Checking threadpool v1.7.1
[INFO] [stderr]     Checking dirs v1.0.5
[INFO] [stderr]     Checking aho-corasick v0.7.18
[INFO] [stderr]     Checking ego-tree v0.6.2
[INFO] [stderr]     Checking cpufeatures v0.2.1
[INFO] [stderr]     Checking fallible-streaming-iterator v0.1.9
[INFO] [stderr]     Checking fallible-iterator v0.2.0
[INFO] [stderr]     Checking websocket-base v0.26.2
[INFO] [stderr]     Checking tokio-tls v0.3.1
[INFO] [stderr]     Checking hyper-native-tls v0.3.0
[INFO] [stderr]     Checking ipnet v2.3.1
[INFO] [stderr]     Checking sha2 v0.9.9
[INFO] [stderr]     Checking r2d2 v0.8.9
[INFO] [stderr]     Checking failure v1.0.0 (https://github.com/withoutboats/failure.git#514aa258)
[INFO] [stderr]     Checking uuid v0.8.2
[INFO] [stderr]     Checking hmac v0.9.0
[INFO] [stderr]     Checking fs2 v0.4.3
[INFO] [stderr]     Checking constant_time_eq v0.1.5
[INFO] [stderr]     Checking websocket v0.26.2
[INFO] [stderr]     Checking regex v1.5.4
[INFO] [stderr]    Compiling pin-project-internal v1.0.10
[INFO] [stderr]    Compiling phf_macros v0.8.0
[INFO] [stderr]    Compiling cssparser v0.27.2
[INFO] [stderr]    Compiling html5ever v0.25.1
[INFO] [stderr]    Compiling cssparser-macros v0.6.0
[INFO] [stderr]    Compiling derive_more v0.99.17
[INFO] [stderr]    Compiling darling_macro v0.13.1
[INFO] [stderr]     Checking phf v0.8.0
[INFO] [stderr]    Compiling darling v0.13.1
[INFO] [stderr]    Compiling enumset_derive v0.5.5
[INFO] [stderr]     Checking mortal v0.1.5
[INFO] [stderr]     Checking pin-project v1.0.10
[INFO] [stderr]     Checking tracing-futures v0.2.5
[INFO] [stderr]     Checking h2 v0.2.7
[INFO] [stderr]     Checking linefeed v0.5.4
[INFO] [stderr]     Checking enumset v1.0.8
[INFO] [stderr]     Checking serenity v0.5.14 (https://github.com/Lymia/serenity.git?rev=9804b6fb#9804b6fb)
[INFO] [stderr]     Checking scraper v0.12.0
[INFO] [stderr]    Compiling git2 v0.10.2
[INFO] [stderr]     Checking hyper v0.13.10
[INFO] [stderr]     Checking rusqlite v0.23.1
[INFO] [stderr]    Compiling sylph-verifier v0.1.0-dev (/opt/rustwide/workdir)
[INFO] [stderr]     Checking hyper-tls v0.4.3
[INFO] [stderr]     Checking reqwest v0.10.10
[INFO] [stdout] error[E0557]: feature has been removed
[INFO] [stdout]  --> src/main.rs:3:12
[INFO] [stdout]   |
[INFO] [stdout] 3 | #![feature(crate_visibility_modifier, box_patterns, const_fn_fn_ptr_basics)]
[INFO] [stdout]   |            ^^^^^^^^^^^^^^^^^^^^^^^^^ feature has been removed
[INFO] [stdout]   |
[INFO] [stdout]   = note: removed in favor of `pub(crate)`
[INFO] [stdout] 
[INFO] [stdout] 
[INFO] [stdout] error[E0557]: feature has been removed
[INFO] [stdout]  --> src/main.rs:3:12
[INFO] [stdout]   |
[INFO] [stdout] 3 | #![feature(crate_visibility_modifier, box_patterns, const_fn_fn_ptr_basics)]
[INFO] [stdout]   |            ^^^^^^^^^^^^^^^^^^^^^^^^^ feature has been removed
[INFO] [stdout]   |
[INFO] [stdout]   = note: removed in favor of `pub(crate)`
[INFO] [stdout] 
[INFO] [stdout] 
[INFO] [stdout] error: expected one of `!` or `::`, found keyword `fn`
[INFO] [stdout]   --> src/commands/util.rs:11:7
[INFO] [stdout]    |
[INFO] [stdout] 11 | crate fn find_role(guild_id: GuildId, role_name: &str) -> Result<RoleId> {
[INFO] [stdout]    |       ^^ expected one of `!` or `::`
[INFO] [stdout] 
[INFO] [stdout] 
[INFO] [stdout] error: expected one of `!` or `::`, found keyword `fn`
[INFO] [stdout]   --> src/commands/util.rs:11:7
[INFO] [stdout]    |
[INFO] [stdout] 11 | crate fn find_role(guild_id: GuildId, role_name: &str) -> Result<RoleId> {
[INFO] [stdout]    |       ^^ expected one of `!` or `::`
[INFO] [stdout] 
[INFO] [stdout] 
[INFO] [stdout] error: expected one of `!` or `::`, found keyword `const`
[INFO] [stdout]    --> src/commands/config.rs:225:7
[INFO] [stdout]     |
[INFO] [stdout] 225 | crate const COMMANDS: &[Command] = &[
[INFO] [stdout]     |       ^^^^^ expected one of `!` or `::`
[INFO] [stdout] 
[INFO] [stdout] 
[INFO] [stdout] error: expected one of `!` or `::`, found keyword `const`
[INFO] [stdout]    --> src/commands/config.rs:225:7
[INFO] [stdout]     |
[INFO] [stdout] 225 | crate const COMMANDS: &[Command] = &[
[INFO] [stdout]     |       ^^^^^ expected one of `!` or `::`
[INFO] [stdout] 
[INFO] [stdout] 
[INFO] [stdout] error: expected one of `!` or `::`, found keyword `const`
[INFO] [stdout]  --> src/commands/management.rs:9:7
[INFO] [stdout]   |
[INFO] [stdout] 9 | crate const COMMANDS: &[Command] = &[
[INFO] [stdout]   |       ^^^^^ expected one of `!` or `::`
[INFO] [stdout] 
[INFO] [stdout] 
[INFO] [stdout] error: expected one of `!` or `::`, found keyword `const`
[INFO] [stdout]  --> src/commands/management.rs:9:7
[INFO] [stdout]   |
[INFO] [stdout] 9 | crate const COMMANDS: &[Command] = &[
[INFO] [stdout]   |       ^^^^^ expected one of `!` or `::`
[INFO] [stdout] 
[INFO] [stdout] 
[INFO] [stdout] error: expected one of `!` or `::`, found keyword `const`
[INFO] [stdout]    --> src/commands/permissions.rs:107:7
[INFO] [stdout]     |
[INFO] [stdout] 107 | crate const COMMANDS: &[Command] = &[
[INFO] [stdout]     |       ^^^^^ expected one of `!` or `::`
[INFO] [stdout] 
[INFO] [stdout] 
[INFO] [stdout] error: expected one of `!` or `::`, found keyword `const`
[INFO] [stdout]    --> src/commands/permissions.rs:107:7
[INFO] [stdout]     |
[INFO] [stdout] 107 | crate const COMMANDS: &[Command] = &[
[INFO] [stdout]     |       ^^^^^ expected one of `!` or `::`
[INFO] [stdout] 
[INFO] [stdout] 
[INFO] [stdout] error: expected one of `!` or `::`, found keyword `const`
[INFO] [stdout]    --> src/commands/verifier.rs:337:7
[INFO] [stdout]     |
[INFO] [stdout] 337 | crate const COMMANDS: &[Command] = &[
[INFO] [stdout]     |       ^^^^^ expected one of `!` or `::`
[INFO] [stdout] 
[INFO] [stdout] 
[INFO] [stdout] error: expected one of `!` or `::`, found keyword `const`
[INFO] [stdout]    --> src/commands/verifier.rs:337:7
[INFO] [stdout]     |
[INFO] [stdout] 337 | crate const COMMANDS: &[Command] = &[
[INFO] [stdout]     |       ^^^^^ expected one of `!` or `::`
[INFO] [stdout] 
[INFO] [stdout] 
[INFO] [stdout] error: expected one of `!` or `::`, found keyword `struct`
[INFO] [stdout]   --> src/core/place.rs:14:7
[INFO] [stdout]    |
[INFO] [stdout] 14 | crate struct PlaceManager(Mutex<PlaceManagerState>);
[INFO] [stdout]    |       ^^^^^^ expected one of `!` or `::`
[INFO] [stdout] 
[INFO] [stdout] 
[INFO] [stdout] error: expected one of `!` or `::`, found keyword `struct`
[INFO] [stdout]   --> src/core/place.rs:14:7
[INFO] [stdout]    |
[INFO] [stdout] 14 | crate struct PlaceManager(Mutex<PlaceManagerState>);
[INFO] [stdout]    |       ^^^^^^ expected one of `!` or `::`
[INFO] [stdout] 
[INFO] [stdout] 
[INFO] [stdout] error: expected one of `!` or `::`, found keyword `struct`
[INFO] [stdout]    --> src/core/terminal.rs:114:7
[INFO] [stdout]     |
[INFO] [stdout] 114 | crate struct Terminal {
[INFO] [stdout]     |       ^^^^^^ expected one of `!` or `::`
[INFO] [stdout] 
[INFO] [stdout] 
[INFO] [stdout] error: expected one of `!` or `::`, found keyword `struct`
[INFO] [stdout]    --> src/core/terminal.rs:114:7
[INFO] [stdout]     |
[INFO] [stdout] 114 | crate struct Terminal {
[INFO] [stdout]     |       ^^^^^^ expected one of `!` or `::`
[INFO] [stdout] 
[INFO] [stdout] 
[INFO] [stdout] error: expected one of `!` or `::`, found keyword `struct`
[INFO] [stdout]   --> src/roblox/api.rs:55:7
[INFO] [stdout]    |
[INFO] [stdout] 55 | crate struct WebProfileInfo {
[INFO] [stdout]    |       ^^^^^^ expected one of `!` or `::`
[INFO] [stdout] 
[INFO] [stdout] 
[INFO] [stdout] error: expected one of `!` or `::`, found keyword `fn`
[INFO] [stdout]   --> src/roblox/lz4.rs:18:7
[INFO] [stdout]    |
[INFO] [stdout] 18 | crate fn compress(data: &[u8]) -> Result<Vec<u8>> {
[INFO] [stdout]    |       ^^ expected one of `!` or `::`
[INFO] [stdout] 
[INFO] [stdout] 
[INFO] [stdout] error: expected one of `!` or `::`, found keyword `struct`
[INFO] [stdout]   --> src/roblox/api.rs:55:7
[INFO] [stdout]    |
[INFO] [stdout] 55 | crate struct WebProfileInfo {
[INFO] [stdout]    |       ^^^^^^ expected one of `!` or `::`
[INFO] [stdout] 
[INFO] [stdout] 
[INFO] [stdout] error: expected one of `!` or `::`, found keyword `fn`
[INFO] [stdout]   --> src/roblox/lz4.rs:18:7
[INFO] [stdout]    |
[INFO] [stdout] 18 | crate fn compress(data: &[u8]) -> Result<Vec<u8>> {
[INFO] [stdout]    |       ^^ expected one of `!` or `::`
[INFO] [stdout] 
[INFO] [stdout] 
[INFO] [stdout] error[E0432]: unresolved import `self::place::PlaceManager`
[INFO] [stdout]   --> src/core/mod.rs:33:5
[INFO] [stdout]    |
[INFO] [stdout] 33 | use self::place::PlaceManager;
[INFO] [stdout]    |     ^^^^^^^^^^^^^^^^^^^^^^^^^ no `PlaceManager` in `core::place`
[INFO] [stdout] 
[INFO] [stdout] 
[INFO] [stdout] error[E0432]: unresolved import `self::terminal::Terminal`
[INFO] [stdout]   --> src/core/mod.rs:34:5
[INFO] [stdout]    |
[INFO] [stdout] 34 | use self::terminal::Terminal;
[INFO] [stdout]    |     ^^^^^^^^^^^^^^^^^^^^^^^^ no `Terminal` in `core::terminal`
[INFO] [stdout]    |
[INFO] [stdout] help: consider importing one of these items instead
[INFO] [stdout]    |
[INFO] [stdout] 34 | use core::CommandTarget::Terminal;
[INFO] [stdout]    |     ~~~~~~~~~~~~~~~~~~~~~~~~~~~~~
[INFO] [stdout] 34 | use linefeed::Terminal;
[INFO] [stdout]    |     ~~~~~~~~~~~~~~~~~~
[INFO] [stdout] 
[INFO] [stdout] 
[INFO] [stdout] error[E0432]: unresolved import `self::place::PlaceManager`
[INFO] [stdout]   --> src/core/mod.rs:33:5
[INFO] [stdout]    |
[INFO] [stdout] 33 | use self::place::PlaceManager;
[INFO] [stdout]    |     ^^^^^^^^^^^^^^^^^^^^^^^^^ no `PlaceManager` in `core::place`
[INFO] [stdout] 
[INFO] [stdout] 
[INFO] [stdout] error[E0432]: unresolved import `self::terminal::Terminal`
[INFO] [stdout]   --> src/core/mod.rs:34:5
[INFO] [stdout]    |
[INFO] [stdout] 34 | use self::terminal::Terminal;
[INFO] [stdout]    |     ^^^^^^^^^^^^^^^^^^^^^^^^ no `Terminal` in `core::terminal`
[INFO] [stdout]    |
[INFO] [stdout] help: consider importing one of these items instead
[INFO] [stdout]    |
[INFO] [stdout] 34 | use core::CommandTarget::Terminal;
[INFO] [stdout]    |     ~~~~~~~~~~~~~~~~~~~~~~~~~~~~~
[INFO] [stdout] 34 | use linefeed::Terminal;
[INFO] [stdout]    |     ~~~~~~~~~~~~~~~~~~
[INFO] [stdout] 
[INFO] [stdout] 
[INFO] [stdout] error[E0425]: cannot find value `COMMANDS` in module `config`
[INFO] [stdout]    --> src/commands/mod.rs:338:32
[INFO] [stdout]     |
[INFO] [stdout] 338 |         CORE_COMMANDS, config::COMMANDS, management::COMMANDS,
[INFO] [stdout]     |                                ^^^^^^^^ not found in `config`
[INFO] [stdout]     |
[INFO] [stdout] help: consider importing one of these items
[INFO] [stdout]     |
[INFO] [stdout] 1   + use commands::COMMANDS;
[INFO] [stdout]     |
[INFO] [stdout] 1   + use linefeed::command::COMMANDS;
[INFO] [stdout]     |
[INFO] [stdout] help: if you import `COMMANDS`, refer to it directly
[INFO] [stdout]     |
[INFO] [stdout] 338 -         CORE_COMMANDS, config::COMMANDS, management::COMMANDS,
[INFO] [stdout] 338 +         CORE_COMMANDS, COMMANDS, management::COMMANDS,
[INFO] [stdout]     |
[INFO] [stdout] 
[INFO] [stdout] 
[INFO] [stdout] error[E0425]: cannot find value `COMMANDS` in module `management`
[INFO] [stdout]    --> src/commands/mod.rs:338:54
[INFO] [stdout]     |
[INFO] [stdout] 338 |         CORE_COMMANDS, config::COMMANDS, management::COMMANDS,
[INFO] [stdout]     |                                                      ^^^^^^^^ not found in `management`
[INFO] [stdout]     |
[INFO] [stdout] help: consider importing one of these items
[INFO] [stdout]     |
[INFO] [stdout] 1   + use commands::COMMANDS;
[INFO] [stdout]     |
[INFO] [stdout] 1   + use linefeed::command::COMMANDS;
[INFO] [stdout]     |
[INFO] [stdout] help: if you import `COMMANDS`, refer to it directly
[INFO] [stdout]     |
[INFO] [stdout] 338 -         CORE_COMMANDS, config::COMMANDS, management::COMMANDS,
[INFO] [stdout] 338 +         CORE_COMMANDS, config::COMMANDS, COMMANDS,
[INFO] [stdout]     |
[INFO] [stdout] 
[INFO] [stdout] 
[INFO] [stdout] error[E0425]: cannot find value `COMMANDS` in module `config`
[INFO] [stdout]    --> src/commands/mod.rs:338:32
[INFO] [stdout]     |
[INFO] [stdout] 338 |         CORE_COMMANDS, config::COMMANDS, management::COMMANDS,
[INFO] [stdout]     |                                ^^^^^^^^ not found in `config`
[INFO] [stdout]     |
[INFO] [stdout] help: consider importing one of these items
[INFO] [stdout]     |
[INFO] [stdout] 1   + use commands::COMMANDS;
[INFO] [stdout]     |
[INFO] [stdout] 1   + use linefeed::command::COMMANDS;
[INFO] [stdout]     |
[INFO] [stdout] help: if you import `COMMANDS`, refer to it directly
[INFO] [stdout]     |
[INFO] [stdout] 338 -         CORE_COMMANDS, config::COMMANDS, management::COMMANDS,
[INFO] [stdout] 338 +         CORE_COMMANDS, COMMANDS, management::COMMANDS,
[INFO] [stdout]     |
[INFO] [stdout] 
[INFO] [stdout] 
[INFO] [stdout] error[E0425]: cannot find value `COMMANDS` in module `permissions`
[INFO] [stdout]    --> src/commands/mod.rs:339:22
[INFO] [stdout]     |
[INFO] [stdout] 339 |         permissions::COMMANDS, verifier::COMMANDS,
[INFO] [stdout]     |                      ^^^^^^^^ not found in `permissions`
[INFO] [stdout]     |
[INFO] [stdout] help: consider importing one of these items
[INFO] [stdout]     |
[INFO] [stdout] 1   + use commands::COMMANDS;
[INFO] [stdout]     |
[INFO] [stdout] 1   + use linefeed::command::COMMANDS;
[INFO] [stdout]     |
[INFO] [stdout] help: if you import `COMMANDS`, refer to it directly
[INFO] [stdout]     |
[INFO] [stdout] 339 -         permissions::COMMANDS, verifier::COMMANDS,
[INFO] [stdout] 339 +         COMMANDS, verifier::COMMANDS,
[INFO] [stdout]     |
[INFO] [stdout] 
[INFO] [stdout] 
[INFO] [stdout] error[E0425]: cannot find value `COMMANDS` in module `management`
[INFO] [stdout]    --> src/commands/mod.rs:338:54
[INFO] [stdout]     |
[INFO] [stdout] 338 |         CORE_COMMANDS, config::COMMANDS, management::COMMANDS,
[INFO] [stdout]     |                                                      ^^^^^^^^ not found in `management`
[INFO] [stdout]     |
[INFO] [stdout] help: consider importing one of these items
[INFO] [stdout]     |
[INFO] [stdout] 1   + use commands::COMMANDS;
[INFO] [stdout]     |
[INFO] [stdout] 1   + use linefeed::command::COMMANDS;
[INFO] [stdout]     |
[INFO] [stdout] help: if you import `COMMANDS`, refer to it directly
[INFO] [stdout]     |
[INFO] [stdout] 338 -         CORE_COMMANDS, config::COMMANDS, management::COMMANDS,
[INFO] [stdout] 338 +         CORE_COMMANDS, config::COMMANDS, COMMANDS,
[INFO] [stdout]     |
[INFO] [stdout] 
[INFO] [stdout] 
[INFO] [stdout] error[E0425]: cannot find value `COMMANDS` in module `verifier`
[INFO] [stdout]    --> src/commands/mod.rs:339:42
[INFO] [stdout]     |
[INFO] [stdout] 339 |         permissions::COMMANDS, verifier::COMMANDS,
[INFO] [stdout]     |                                          ^^^^^^^^ not found in `verifier`
[INFO] [stdout]     |
[INFO] [stdout] help: consider importing one of these items
[INFO] [stdout]     |
[INFO] [stdout] 1   + use commands::COMMANDS;
[INFO] [stdout]     |
[INFO] [stdout] 1   + use linefeed::command::COMMANDS;
[INFO] [stdout]     |
[INFO] [stdout] help: if you import `COMMANDS`, refer to it directly
[INFO] [stdout]     |
[INFO] [stdout] 339 -         permissions::COMMANDS, verifier::COMMANDS,
[INFO] [stdout] 339 +         permissions::COMMANDS, COMMANDS,
[INFO] [stdout]     |
[INFO] [stdout] 
[INFO] [stdout] 
[INFO] [stdout] error[E0425]: cannot find value `COMMANDS` in module `permissions`
[INFO] [stdout]    --> src/commands/mod.rs:339:22
[INFO] [stdout]     |
[INFO] [stdout] 339 |         permissions::COMMANDS, verifier::COMMANDS,
[INFO] [stdout]     |                      ^^^^^^^^ not found in `permissions`
[INFO] [stdout]     |
[INFO] [stdout] help: consider importing one of these items
[INFO] [stdout]     |
[INFO] [stdout] 1   + use commands::COMMANDS;
[INFO] [stdout]     |
[INFO] [stdout] 1   + use linefeed::command::COMMANDS;
[INFO] [stdout]     |
[INFO] [stdout] help: if you import `COMMANDS`, refer to it directly
[INFO] [stdout]     |
[INFO] [stdout] 339 -         permissions::COMMANDS, verifier::COMMANDS,
[INFO] [stdout] 339 +         COMMANDS, verifier::COMMANDS,
[INFO] [stdout]     |
[INFO] [stdout] 
[INFO] [stdout] 
[INFO] [stdout] error[E0425]: cannot find function `decompress` in module `lz4`
[INFO] [stdout]   --> src/roblox/place.rs:28:35
[INFO] [stdout]    |
[INFO] [stdout] 28 |                 Ok(Cow::from(lz4::decompress(data, decompressed_len as usize)?))
[INFO] [stdout]    |                                   ^^^^^^^^^^ not found in `lz4`
[INFO] [stdout] 
[INFO] [stdout] 
[INFO] [stdout] error[E0425]: cannot find function `compress` in module `lz4`
[INFO] [stdout]   --> src/roblox/place.rs:41:54
[INFO] [stdout]    |
[INFO] [stdout] 41 |                 Ok((vec.len() as u32, Cow::from(lz4::compress(vec.as_ref())?)))
[INFO] [stdout]    |                                                      ^^^^^^^^ not found in `lz4`
[INFO] [stdout] 
[INFO] [stdout] 
[INFO] [stdout] error[E0425]: cannot find value `COMMANDS` in module `verifier`
[INFO] [stdout]    --> src/commands/mod.rs:339:42
[INFO] [stdout]     |
[INFO] [stdout] 339 |         permissions::COMMANDS, verifier::COMMANDS,
[INFO] [stdout]     |                                          ^^^^^^^^ not found in `verifier`
[INFO] [stdout]     |
[INFO] [stdout] help: consider importing one of these items
[INFO] [stdout]     |
[INFO] [stdout] 1   + use commands::COMMANDS;
[INFO] [stdout]     |
[INFO] [stdout] 1   + use linefeed::command::COMMANDS;
[INFO] [stdout]     |
[INFO] [stdout] help: if you import `COMMANDS`, refer to it directly
[INFO] [stdout]     |
[INFO] [stdout] 339 -         permissions::COMMANDS, verifier::COMMANDS,
[INFO] [stdout] 339 +         permissions::COMMANDS, COMMANDS,
[INFO] [stdout]     |
[INFO] [stdout] 
[INFO] [stdout] 
[INFO] [stdout] error[E0412]: cannot find type `WebProfileInfo` in module `api`
[INFO] [stdout]    --> src/roblox/rules.rs:447:30
[INFO] [stdout]     |
[INFO] [stdout] 447 |     profile: ValueCache<api::WebProfileInfo>, dev_trust_level: ValueCache<Option<u32>>,
[INFO] [stdout]     |                              ^^^^^^^^^^^^^^ not found in `api`
[INFO] [stdout] 
[INFO] [stdout] 
[INFO] [stdout] error[E0425]: cannot find function `decompress` in module `lz4`
[INFO] [stdout]   --> src/roblox/place.rs:28:35
[INFO] [stdout]    |
[INFO] [stdout] 28 |                 Ok(Cow::from(lz4::decompress(data, decompressed_len as usize)?))
[INFO] [stdout]    |                                   ^^^^^^^^^^ not found in `lz4`
[INFO] [stdout] 
[INFO] [stdout] 
[INFO] [stdout] error[E0425]: cannot find function `get_web_profile` in module `api`
[INFO] [stdout]    --> src/roblox/rules.rs:463:41
[INFO] [stdout]     |
[INFO] [stdout] 463 |         self.profile.get_cached(|| api::get_web_profile(id), |x| x.profile_exists)
[INFO] [stdout]     |                                         ^^^^^^^^^^^^^^^ not found in `api`
[INFO] [stdout] 
[INFO] [stdout] 
[INFO] [stdout] error[E0425]: cannot find function `compress` in module `lz4`
[INFO] [stdout]   --> src/roblox/place.rs:41:54
[INFO] [stdout]    |
[INFO] [stdout] 41 |                 Ok((vec.len() as u32, Cow::from(lz4::compress(vec.as_ref())?)))
[INFO] [stdout]    |                                                      ^^^^^^^^ not found in `lz4`
[INFO] [stdout] 
[INFO] [stdout] 
[INFO] [stdout] error[E0425]: cannot find function `get_web_profile` in module `api`
[INFO] [stdout]    --> src/roblox/rules.rs:467:41
[INFO] [stdout]     |
[INFO] [stdout] 467 |         self.profile.get_cached(|| api::get_web_profile(id), |x| x.has_premium)
[INFO] [stdout]     |                                         ^^^^^^^^^^^^^^^ not found in `api`
[INFO] [stdout] 
[INFO] [stdout] 
[INFO] [stdout] error[E0412]: cannot find type `WebProfileInfo` in module `api`
[INFO] [stdout]    --> src/roblox/rules.rs:447:30
[INFO] [stdout]     |
[INFO] [stdout] 447 |     profile: ValueCache<api::WebProfileInfo>, dev_trust_level: ValueCache<Option<u32>>,
[INFO] [stdout]     |                              ^^^^^^^^^^^^^^ not found in `api`
[INFO] [stdout] 
[INFO] [stdout] 
[INFO] [stdout] error[E0425]: cannot find function `get_dev_trust_level` in module `api`
[INFO] [stdout]    --> src/roblox/rules.rs:471:49
[INFO] [stdout]     |
[INFO] [stdout] 471 |         self.dev_trust_level.get_cached(|| api::get_dev_trust_level(&id.lookup_username()?),
[INFO] [stdout]     |                                                 ^^^^^^^^^^^^^^^^^^^ not found in `api`
[INFO] [stdout] 
[INFO] [stdout] 
[INFO] [stdout] error[E0425]: cannot find function `get_web_profile` in module `api`
[INFO] [stdout]    --> src/roblox/rules.rs:463:41
[INFO] [stdout]     |
[INFO] [stdout] 463 |         self.profile.get_cached(|| api::get_web_profile(id), |x| x.profile_exists)
[INFO] [stdout]     |                                         ^^^^^^^^^^^^^^^ not found in `api`
[INFO] [stdout] 
[INFO] [stdout] 
[INFO] [stdout] error[E0425]: cannot find function `get_roblox_badges` in module `api`
[INFO] [stdout]    --> src/roblox/rules.rs:479:40
[INFO] [stdout]     |
[INFO] [stdout] 479 |         self.badges.get_cached(|| api::get_roblox_badges(id), |x| x.contains(asset_id))
[INFO] [stdout]     |                                        ^^^^^^^^^^^^^^^^^ not found in `api`
[INFO] [stdout] 
[INFO] [stdout] 
[INFO] [stdout] error[E0425]: cannot find function `get_player_groups` in module `api`
[INFO] [stdout]    --> src/roblox/rules.rs:483:40
[INFO] [stdout]     |
[INFO] [stdout] 483 |         self.groups.get_cached(|| api::get_player_groups(id),
[INFO] [stdout]     |                                        ^^^^^^^^^^^^^^^^^ not found in `api`
[INFO] [stdout] 
[INFO] [stdout] 
[INFO] [stdout] error[E0425]: cannot find function `get_web_profile` in module `api`
[INFO] [stdout]    --> src/roblox/rules.rs:467:41
[INFO] [stdout]     |
[INFO] [stdout] 467 |         self.profile.get_cached(|| api::get_web_profile(id), |x| x.has_premium)
[INFO] [stdout]     |                                         ^^^^^^^^^^^^^^^ not found in `api`
[INFO] [stdout] 
[INFO] [stdout] 
[INFO] [stdout] error[E0425]: cannot find function `has_player_badge` in module `api`
[INFO] [stdout]    --> src/roblox/rules.rs:492:18
[INFO] [stdout]     |
[INFO] [stdout] 492 |             api::has_player_badge(id, badge_id).ok().into()
[INFO] [stdout]     |                  ^^^^^^^^^^^^^^^^ not found in `api`
[INFO] [stdout] 
[INFO] [stdout] 
[INFO] [stdout] error[E0425]: cannot find function `get_dev_trust_level` in module `api`
[INFO] [stdout]    --> src/roblox/rules.rs:471:49
[INFO] [stdout]     |
[INFO] [stdout] 471 |         self.dev_trust_level.get_cached(|| api::get_dev_trust_level(&id.lookup_username()?),
[INFO] [stdout]     |                                                 ^^^^^^^^^^^^^^^^^^^ not found in `api`
[INFO] [stdout] 
[INFO] [stdout] 
[INFO] [stdout] error[E0425]: cannot find function `owns_asset` in module `api`
[INFO] [stdout]    --> src/roblox/rules.rs:498:18
[INFO] [stdout]     |
[INFO] [stdout] 498 |             api::owns_asset(id, asset_id).ok().into()
[INFO] [stdout]     |                  ^^^^^^^^^^ not found in `api`
[INFO] [stdout] 
[INFO] [stdout] 
[INFO] [stdout] error[E0425]: cannot find function `get_roblox_badges` in module `api`
[INFO] [stdout]    --> src/roblox/rules.rs:479:40
[INFO] [stdout]     |
[INFO] [stdout] 479 |         self.badges.get_cached(|| api::get_roblox_badges(id), |x| x.contains(asset_id))
[INFO] [stdout]     |                                        ^^^^^^^^^^^^^^^^^ not found in `api`
[INFO] [stdout] 
[INFO] [stdout] 
[INFO] [stdout] error[E0425]: cannot find function `for_username` in module `api`
[INFO] [stdout]   --> src/roblox/mod.rs:15:20
[INFO] [stdout]    |
[INFO] [stdout] 15 |         match api::for_username(name)? {
[INFO] [stdout]    |                    ^^^^^^^^^^^^ not found in `api`
[INFO] [stdout] 
[INFO] [stdout] 
[INFO] [stdout] error[E0425]: cannot find function `lookup_username` in module `api`
[INFO] [stdout]   --> src/roblox/mod.rs:22:14
[INFO] [stdout]    |
[INFO] [stdout] 22 |         api::lookup_username(*self)
[INFO] [stdout]    |              ^^^^^^^^^^^^^^^ not found in `api`
[INFO] [stdout] 
[INFO] [stdout] 
[INFO] [stdout] error[E0425]: cannot find function `get_player_groups` in module `api`
[INFO] [stdout]    --> src/roblox/rules.rs:483:40
[INFO] [stdout]     |
[INFO] [stdout] 483 |         self.groups.get_cached(|| api::get_player_groups(id),
[INFO] [stdout]     |                                        ^^^^^^^^^^^^^^^^^ not found in `api`
[INFO] [stdout] 
[INFO] [stdout] 
[INFO] [stdout] error[E0425]: cannot find function `has_player_badge` in module `api`
[INFO] [stdout]    --> src/roblox/rules.rs:492:18
[INFO] [stdout]     |
[INFO] [stdout] 492 |             api::has_player_badge(id, badge_id).ok().into()
[INFO] [stdout]     |                  ^^^^^^^^^^^^^^^^ not found in `api`
[INFO] [stdout] 
[INFO] [stdout] 
[INFO] [stdout] error[E0425]: cannot find function `owns_asset` in module `api`
[INFO] [stdout]    --> src/roblox/rules.rs:498:18
[INFO] [stdout]     |
[INFO] [stdout] 498 |             api::owns_asset(id, asset_id).ok().into()
[INFO] [stdout]     |                  ^^^^^^^^^^ not found in `api`
[INFO] [stdout] 
[INFO] [stdout] 
[INFO] [stdout] error[E0425]: cannot find function `for_username` in module `api`
[INFO] [stdout]   --> src/roblox/mod.rs:15:20
[INFO] [stdout]    |
[INFO] [stdout] 15 |         match api::for_username(name)? {
[INFO] [stdout]    |                    ^^^^^^^^^^^^ not found in `api`
[INFO] [stdout] 
[INFO] [stdout] 
[INFO] [stdout] error[E0425]: cannot find function `lookup_username` in module `api`
[INFO] [stdout]   --> src/roblox/mod.rs:22:14
[INFO] [stdout]    |
[INFO] [stdout] 22 |         api::lookup_username(*self)
[INFO] [stdout]    |              ^^^^^^^^^^^^^^^ not found in `api`
[INFO] [stdout] 
[INFO] [stdout] 
[INFO] [stdout] warning: unused extern crate
[INFO] [stdout]   --> src/main.rs:17:1
[INFO] [stdout]    |
[INFO] [stdout] 17 | extern crate linefeed;
[INFO] [stdout]    | ^^^^^^^^^^^^^^^^^^^^^^ help: remove it
[INFO] [stdout]    |
[INFO] [stdout] note: the lint level is defined here
[INFO] [stdout]   --> src/main.rs:1:9
[INFO] [stdout]    |
[INFO] [stdout] 1  | #![warn(unused_extern_crates)]
[INFO] [stdout]    |         ^^^^^^^^^^^^^^^^^^^^
[INFO] [stdout] 
[INFO] [stdout] 
[INFO] [stdout] warning: unused extern crate
[INFO] [stdout]   --> src/main.rs:20:1
[INFO] [stdout]    |
[INFO] [stdout] 20 | extern crate percent_encoding;
[INFO] [stdout]    | ^^^^^^^^^^^^^^^^^^^^^^^^^^^^^^ help: remove it
[INFO] [stdout] 
[INFO] [stdout] 
[INFO] [stdout] warning: unused `#[macro_use]` import
[INFO] [stdout]   --> src/main.rs:38:1
[INFO] [stdout]    |
[INFO] [stdout] 38 | #[macro_use] extern crate serde_derive;
[INFO] [stdout]    | ^^^^^^^^^^^^
[INFO] [stdout]    |
[INFO] [stdout]    = note: `#[warn(unused_imports)]` on by default
[INFO] [stdout] 
[INFO] [stdout] 
[INFO] [stdout] warning: unused extern crate
[INFO] [stdout]   --> src/main.rs:39:1
[INFO] [stdout]    |
[INFO] [stdout] 39 | extern crate scraper;
[INFO] [stdout]    | ^^^^^^^^^^^^^^^^^^^^^ help: remove it
[INFO] [stdout] 
[INFO] [stdout] 
[INFO] [stdout] warning: unused import: `std::str::FromStr`
[INFO] [stdout]   --> src/commands/mod.rs:10:5
[INFO] [stdout]    |
[INFO] [stdout] 10 | use std::str::FromStr;
[INFO] [stdout]    |     ^^^^^^^^^^^^^^^^^
[INFO] [stdout] 
[INFO] [stdout] 
[INFO] [stdout] warning: unused import: `num_cpus`
[INFO] [stdout]  --> src/core/tasks.rs:4:5
[INFO] [stdout]   |
[INFO] [stdout] 4 | use num_cpus;
[INFO] [stdout]   |     ^^^^^^^^
[INFO] [stdout] 
[INFO] [stdout] 
[INFO] [stdout] warning: unused import: `std::cmp::max`
[INFO] [stdout]  --> src/core/tasks.rs:6:5
[INFO] [stdout]   |
[INFO] [stdout] 6 | use std::cmp::max;
[INFO] [stdout]   |     ^^^^^^^^^^^^^
[INFO] [stdout] 
[INFO] [stdout] 
[INFO] [stdout] warning: unused label
[INFO] [stdout]    --> src/roblox/rules.rs:332:9
[INFO] [stdout]     |
[INFO] [stdout] 332 |         'outer: loop {
[INFO] [stdout]     |         ^^^^^^
[INFO] [stdout]     |
[INFO] [stdout]     = note: `#[warn(unused_labels)]` on by default
[INFO] [stdout] 
[INFO] [stdout] 
[INFO] [stdout] warning: unused import: `DateTime`
[INFO] [stdout]   --> src/util.rs:15:14
[INFO] [stdout]    |
[INFO] [stdout] 15 | use chrono::{DateTime, Utc};
[INFO] [stdout]    |              ^^^^^^^^
[INFO] [stdout] 
[INFO] [stdout] 
[INFO] [stdout] warning: unused extern crate
[INFO] [stdout]   --> src/main.rs:17:1
[INFO] [stdout]    |
[INFO] [stdout] 17 | extern crate linefeed;
[INFO] [stdout]    | ^^^^^^^^^^^^^^^^^^^^^^ help: remove it
[INFO] [stdout]    |
[INFO] [stdout] note: the lint level is defined here
[INFO] [stdout]   --> src/main.rs:1:9
[INFO] [stdout]    |
[INFO] [stdout] 1  | #![warn(unused_extern_crates)]
[INFO] [stdout]    |         ^^^^^^^^^^^^^^^^^^^^
[INFO] [stdout] 
[INFO] [stdout] 
[INFO] [stdout] warning: unused extern crate
[INFO] [stdout]   --> src/main.rs:20:1
[INFO] [stdout]    |
[INFO] [stdout] 20 | extern crate percent_encoding;
[INFO] [stdout]    | ^^^^^^^^^^^^^^^^^^^^^^^^^^^^^^ help: remove it
[INFO] [stdout] 
[INFO] [stdout] 
[INFO] [stdout] warning: unused `#[macro_use]` import
[INFO] [stdout]   --> src/main.rs:38:1
[INFO] [stdout]    |
[INFO] [stdout] 38 | #[macro_use] extern crate serde_derive;
[INFO] [stdout]    | ^^^^^^^^^^^^
[INFO] [stdout]    |
[INFO] [stdout]    = note: `#[warn(unused_imports)]` on by default
[INFO] [stdout] 
[INFO] [stdout] 
[INFO] [stdout] warning: unused extern crate
[INFO] [stdout]   --> src/main.rs:39:1
[INFO] [stdout]    |
[INFO] [stdout] 39 | extern crate scraper;
[INFO] [stdout]    | ^^^^^^^^^^^^^^^^^^^^^ help: remove it
[INFO] [stdout] 
[INFO] [stdout] 
[INFO] [stdout] warning: unused import: `std::str::FromStr`
[INFO] [stdout]   --> src/commands/mod.rs:10:5
[INFO] [stdout]    |
[INFO] [stdout] 10 | use std::str::FromStr;
[INFO] [stdout]    |     ^^^^^^^^^^^^^^^^^
[INFO] [stdout] 
[INFO] [stdout] 
[INFO] [stdout] warning: unused import: `num_cpus`
[INFO] [stdout]  --> src/core/tasks.rs:4:5
[INFO] [stdout]   |
[INFO] [stdout] 4 | use num_cpus;
[INFO] [stdout]   |     ^^^^^^^^
[INFO] [stdout] 
[INFO] [stdout] 
[INFO] [stdout] warning: unused import: `std::cmp::max`
[INFO] [stdout]  --> src/core/tasks.rs:6:5
[INFO] [stdout]   |
[INFO] [stdout] 6 | use std::cmp::max;
[INFO] [stdout]   |     ^^^^^^^^^^^^^
[INFO] [stdout] 
[INFO] [stdout] 
[INFO] [stdout] warning: unused label
[INFO] [stdout]    --> src/roblox/rules.rs:332:9
[INFO] [stdout]     |
[INFO] [stdout] 332 |         'outer: loop {
[INFO] [stdout]     |         ^^^^^^
[INFO] [stdout]     |
[INFO] [stdout]     = note: `#[warn(unused_labels)]` on by default
[INFO] [stdout] 
[INFO] [stdout] 
[INFO] [stdout] warning: unused import: `DateTime`
[INFO] [stdout]   --> src/util.rs:15:14
[INFO] [stdout]    |
[INFO] [stdout] 15 | use chrono::{DateTime, Utc};
[INFO] [stdout]    |              ^^^^^^^^
[INFO] [stdout] 
[INFO] [stdout] 
[INFO] [stdout] warning: use of deprecated function `std::mem::uninitialized`: use `mem::MaybeUninit` instead
[INFO] [stdout]  --> src/core/tasks.rs:7:16
[INFO] [stdout]   |
[INFO] [stdout] 7 | use std::mem::{uninitialized, drop};
[INFO] [stdout]   |                ^^^^^^^^^^^^^
[INFO] [stdout]   |
[INFO] [stdout]   = note: `#[warn(deprecated)]` on by default
[INFO] [stdout] 
[INFO] [stdout] 
[INFO] [stdout] warning: use of deprecated function `std::mem::uninitialized`: use `mem::MaybeUninit` instead
[INFO] [stdout]   --> src/core/tasks.rs:36:64
[INFO] [stdout]    |
[INFO] [stdout] 36 |             let mut slots: [Option<Box<TaskList>>; MAX_SECS] = uninitialized();
[INFO] [stdout]    |                                                                ^^^^^^^^^^^^^
[INFO] [stdout] 
[INFO] [stdout] 
[INFO] [stdout] warning: use of deprecated function `std::mem::uninitialized`: use `mem::MaybeUninit` instead
[INFO] [stdout]  --> src/core/tasks.rs:7:16
[INFO] [stdout]   |
[INFO] [stdout] 7 | use std::mem::{uninitialized, drop};
[INFO] [stdout]   |                ^^^^^^^^^^^^^
[INFO] [stdout]   |
[INFO] [stdout]   = note: `#[warn(deprecated)]` on by default
[INFO] [stdout] 
[INFO] [stdout] 
[INFO] [stdout] warning: use of deprecated function `std::mem::uninitialized`: use `mem::MaybeUninit` instead
[INFO] [stdout]   --> src/core/tasks.rs:36:64
[INFO] [stdout]    |
[INFO] [stdout] 36 |             let mut slots: [Option<Box<TaskList>>; MAX_SECS] = uninitialized();
[INFO] [stdout]    |                                                                ^^^^^^^^^^^^^
[INFO] [stdout] 
[INFO] [stdout] 
[INFO] [stdout] warning: the feature `const_fn_fn_ptr_basics` has been stable since 1.61.0 and no longer requires an attribute to enable
[INFO] [stdout]  --> src/main.rs:3:53
[INFO] [stdout]   |
[INFO] [stdout] 3 | #![feature(crate_visibility_modifier, box_patterns, const_fn_fn_ptr_basics)]
[INFO] [stdout]   |                                                     ^^^^^^^^^^^^^^^^^^^^^^
[INFO] [stdout]   |
[INFO] [stdout]   = note: `#[warn(stable_features)]` on by default
[INFO] [stdout] 
[INFO] [stdout] 
[INFO] [stdout] warning: the feature `const_fn_fn_ptr_basics` has been stable since 1.61.0 and no longer requires an attribute to enable
[INFO] [stdout]  --> src/main.rs:3:53
[INFO] [stdout]   |
[INFO] [stdout] 3 | #![feature(crate_visibility_modifier, box_patterns, const_fn_fn_ptr_basics)]
[INFO] [stdout]   |                                                     ^^^^^^^^^^^^^^^^^^^^^^
[INFO] [stdout]   |
[INFO] [stdout]   = note: `#[warn(stable_features)]` on by default
[INFO] [stdout] 
[INFO] [stdout] 
[INFO] [stdout] warning: use of deprecated method `std::sync::atomic::AtomicU8::compare_and_swap`: Use `compare_exchange` or `compare_exchange_weak` instead
[INFO] [stdout]    --> src/core/discord.rs:183:21
[INFO] [stdout]     |
[INFO] [stdout] 183 |         self.status.compare_and_swap(STATUS_SHUTDOWN, STATUS_DROPPED, Ordering::Relaxed);
[INFO] [stdout]     |                     ^^^^^^^^^^^^^^^^
[INFO] [stdout] 
[INFO] [stdout] 
[INFO] [stdout] warning: use of deprecated method `std::sync::atomic::AtomicBool::compare_and_swap`: Use `compare_exchange` or `compare_exchange_weak` instead
[INFO] [stdout]    --> src/core/discord.rs:188:30
[INFO] [stdout]     |
[INFO] [stdout] 188 |         if !self.printed_url.compare_and_swap(false, true, Ordering::Relaxed) {
[INFO] [stdout]     |                              ^^^^^^^^^^^^^^^^
[INFO] [stdout] 
[INFO] [stdout] 
[INFO] [stdout] warning: use of deprecated method `std::sync::atomic::AtomicU8::compare_and_swap`: Use `compare_exchange` or `compare_exchange_weak` instead
[INFO] [stdout]    --> src/core/discord.rs:284:29
[INFO] [stdout]     |
[INFO] [stdout] 284 |         ensure!(self.status.compare_and_swap(STATUS_NOT_INIT, STATUS_STARTING,
[INFO] [stdout]     |                             ^^^^^^^^^^^^^^^^
[INFO] [stdout] 
[INFO] [stdout] 
[INFO] [stdout] warning: use of deprecated method `std::sync::atomic::AtomicU8::compare_and_swap`: Use `compare_exchange` or `compare_exchange_weak` instead
[INFO] [stdout]    --> src/core/discord.rs:183:21
[INFO] [stdout]     |
[INFO] [stdout] 183 |         self.status.compare_and_swap(STATUS_SHUTDOWN, STATUS_DROPPED, Ordering::Relaxed);
[INFO] [stdout]     |                     ^^^^^^^^^^^^^^^^
[INFO] [stdout] 
[INFO] [stdout] 
[INFO] [stdout] warning: use of deprecated method `std::sync::atomic::AtomicBool::compare_and_swap`: Use `compare_exchange` or `compare_exchange_weak` instead
[INFO] [stdout]    --> src/core/discord.rs:188:30
[INFO] [stdout]     |
[INFO] [stdout] 188 |         if !self.printed_url.compare_and_swap(false, true, Ordering::Relaxed) {
[INFO] [stdout]     |                              ^^^^^^^^^^^^^^^^
[INFO] [stdout] 
[INFO] [stdout] 
[INFO] [stdout] warning: use of deprecated method `std::sync::atomic::AtomicU8::compare_and_swap`: Use `compare_exchange` or `compare_exchange_weak` instead
[INFO] [stdout]    --> src/core/discord.rs:292:29
[INFO] [stdout]     |
[INFO] [stdout] 292 |         ensure!(self.status.compare_and_swap(STATUS_STARTING, STATUS_RUNNING,
[INFO] [stdout]     |                             ^^^^^^^^^^^^^^^^
[INFO] [stdout] 
[INFO] [stdout] 
[INFO] [stdout] warning: use of deprecated method `std::sync::atomic::AtomicU8::compare_and_swap`: Use `compare_exchange` or `compare_exchange_weak` instead
[INFO] [stdout]    --> src/core/discord.rs:306:27
[INFO] [stdout]     |
[INFO] [stdout] 306 |         match self.status.compare_and_swap(STATUS_RUNNING, STATUS_SHUTDOWN,
[INFO] [stdout]     |                           ^^^^^^^^^^^^^^^^
[INFO] [stdout] 
[INFO] [stdout] 
[INFO] [stdout] warning: use of deprecated method `std::sync::atomic::AtomicU8::compare_and_swap`: Use `compare_exchange` or `compare_exchange_weak` instead
[INFO] [stdout]    --> src/core/discord.rs:284:29
[INFO] [stdout]     |
[INFO] [stdout] 284 |         ensure!(self.status.compare_and_swap(STATUS_NOT_INIT, STATUS_STARTING,
[INFO] [stdout]     |                             ^^^^^^^^^^^^^^^^
[INFO] [stdout] 
[INFO] [stdout] 
[INFO] [stdout] warning: use of deprecated method `std::sync::atomic::AtomicBool::compare_and_swap`: Use `compare_exchange` or `compare_exchange_weak` instead
[INFO] [stdout]    --> src/core/discord.rs:404:27
[INFO] [stdout]     |
[INFO] [stdout] 404 |         if !self.shutdown.compare_and_swap(false, true, Ordering::Relaxed) {
[INFO] [stdout]     |                           ^^^^^^^^^^^^^^^^
[INFO] [stdout] 
[INFO] [stdout] 
[INFO] [stdout] warning: use of deprecated method `std::sync::atomic::AtomicU8::compare_and_swap`: Use `compare_exchange` or `compare_exchange_weak` instead
[INFO] [stdout]    --> src/core/discord.rs:292:29
[INFO] [stdout]     |
[INFO] [stdout] 292 |         ensure!(self.status.compare_and_swap(STATUS_STARTING, STATUS_RUNNING,
[INFO] [stdout]     |                             ^^^^^^^^^^^^^^^^
[INFO] [stdout] 
[INFO] [stdout] 
[INFO] [stdout] warning: use of deprecated method `std::sync::atomic::AtomicU8::compare_and_swap`: Use `compare_exchange` or `compare_exchange_weak` instead
[INFO] [stdout]    --> src/core/discord.rs:306:27
[INFO] [stdout]     |
[INFO] [stdout] 306 |         match self.status.compare_and_swap(STATUS_RUNNING, STATUS_SHUTDOWN,
[INFO] [stdout]     |                           ^^^^^^^^^^^^^^^^
[INFO] [stdout] 
[INFO] [stdout] 
[INFO] [stdout] warning: use of deprecated method `std::sync::atomic::AtomicBool::compare_and_swap`: Use `compare_exchange` or `compare_exchange_weak` instead
[INFO] [stdout]    --> src/core/discord.rs:404:27
[INFO] [stdout]     |
[INFO] [stdout] 404 |         if !self.shutdown.compare_and_swap(false, true, Ordering::Relaxed) {
[INFO] [stdout]     |                           ^^^^^^^^^^^^^^^^
[INFO] [stdout] 
[INFO] [stdout] 
[INFO] [stdout] warning: use of deprecated method `std::sync::atomic::AtomicU8::compare_and_swap`: Use `compare_exchange` or `compare_exchange_weak` instead
[INFO] [stdout]    --> src/core/mod.rs:153:31
[INFO] [stdout]     |
[INFO] [stdout] 153 |         ensure!(self.0.status.compare_and_swap(STATUS_STOPPED, STATUS_RUNNING,
[INFO] [stdout]     |                               ^^^^^^^^^^^^^^^^
[INFO] [stdout] 
[INFO] [stdout] 
[INFO] [stdout] warning: use of deprecated method `std::sync::atomic::AtomicU8::compare_and_swap`: Use `compare_exchange` or `compare_exchange_weak` instead
[INFO] [stdout]    --> src/core/mod.rs:165:31
[INFO] [stdout]     |
[INFO] [stdout] 165 |         ensure!(self.0.status.compare_and_swap(STATUS_STOPPING, STATUS_STOPPED,
[INFO] [stdout]     |                               ^^^^^^^^^^^^^^^^
[INFO] [stdout] 
[INFO] [stdout] 
[INFO] [stdout] warning: use of deprecated method `std::sync::atomic::AtomicU8::compare_and_swap`: Use `compare_exchange` or `compare_exchange_weak` instead
[INFO] [stdout]    --> src/core/mod.rs:171:29
[INFO] [stdout]     |
[INFO] [stdout] 171 |         match self.0.status.compare_and_swap(STATUS_RUNNING, STATUS_STOPPING, Ordering::Relaxed) {
[INFO] [stdout]     |                             ^^^^^^^^^^^^^^^^
[INFO] [stdout] 
[INFO] [stdout] 
[INFO] [stdout] warning: use of deprecated method `std::sync::atomic::AtomicU8::compare_and_swap`: Use `compare_exchange` or `compare_exchange_weak` instead
[INFO] [stdout]    --> src/core/mod.rs:153:31
[INFO] [stdout]     |
[INFO] [stdout] 153 |         ensure!(self.0.status.compare_and_swap(STATUS_STOPPED, STATUS_RUNNING,
[INFO] [stdout]     |                               ^^^^^^^^^^^^^^^^
[INFO] [stdout] 
[INFO] [stdout] 
[INFO] [stdout] warning: use of deprecated method `std::sync::atomic::AtomicU8::compare_and_swap`: Use `compare_exchange` or `compare_exchange_weak` instead
[INFO] [stdout]    --> src/core/mod.rs:165:31
[INFO] [stdout]     |
[INFO] [stdout] 165 |         ensure!(self.0.status.compare_and_swap(STATUS_STOPPING, STATUS_STOPPED,
[INFO] [stdout]     |                               ^^^^^^^^^^^^^^^^
[INFO] [stdout] 
[INFO] [stdout] 
[INFO] [stdout] warning: use of deprecated method `std::sync::atomic::AtomicU8::compare_and_swap`: Use `compare_exchange` or `compare_exchange_weak` instead
[INFO] [stdout]    --> src/core/mod.rs:171:29
[INFO] [stdout]     |
[INFO] [stdout] 171 |         match self.0.status.compare_and_swap(STATUS_RUNNING, STATUS_STOPPING, Ordering::Relaxed) {
[INFO] [stdout]     |                             ^^^^^^^^^^^^^^^^
[INFO] [stdout] 
[INFO] [stdout] 
[INFO] [stdout] warning: use of deprecated method `std::sync::atomic::AtomicBool::compare_and_swap`: Use `compare_exchange` or `compare_exchange_weak` instead
[INFO] [stdout]   --> src/logger.rs:72:27
[INFO] [stdout]    |
[INFO] [stdout] 72 |     if !LOG_SENDER_LOCKED.compare_and_swap(false, true, Ordering::Relaxed) {
[INFO] [stdout]    |                           ^^^^^^^^^^^^^^^^
[INFO] [stdout] 
[INFO] [stdout] 
[INFO] [stdout] warning: use of deprecated method `std::sync::atomic::AtomicBool::compare_and_swap`: Use `compare_exchange` or `compare_exchange_weak` instead
[INFO] [stdout]   --> src/logger.rs:72:27
[INFO] [stdout]    |
[INFO] [stdout] 72 |     if !LOG_SENDER_LOCKED.compare_and_swap(false, true, Ordering::Relaxed) {
[INFO] [stdout]    |                           ^^^^^^^^^^^^^^^^
[INFO] [stdout] 
[INFO] [stdout] 
[INFO] [stdout] error: aborting due to 28 previous errors; 22 warnings emitted
[INFO] [stdout] 
[INFO] [stdout] 
[INFO] [stdout] Some errors have detailed explanations: E0412, E0425, E0432, E0557.
[INFO] [stdout] 
[INFO] [stdout] For more information about an error, try `rustc --explain E0412`.
[INFO] [stdout] 
[INFO] [stderr] error: could not compile `sylph-verifier` (bin "sylph-verifier") due to 29 previous errors; 22 warnings emitted
[INFO] [stderr] warning: build failed, waiting for other jobs to finish...
[INFO] [stdout] error: aborting due to 28 previous errors; 22 warnings emitted
[INFO] [stdout] 
[INFO] [stdout] 
[INFO] [stdout] Some errors have detailed explanations: E0412, E0425, E0432, E0557.
[INFO] [stdout] 
[INFO] [stdout] For more information about an error, try `rustc --explain E0412`.
[INFO] [stdout] 
[INFO] [stderr] error: could not compile `sylph-verifier` (bin "sylph-verifier" test) due to 29 previous errors; 22 warnings emitted
[INFO] running `Command { std: "docker" "inspect" "a3c2f0624cef91f460281b8e603cd1a45cc7423313ffbead08141a40e2f213ef", kill_on_drop: false }`
[INFO] running `Command { std: "docker" "rm" "-f" "a3c2f0624cef91f460281b8e603cd1a45cc7423313ffbead08141a40e2f213ef", kill_on_drop: false }`
[INFO] [stdout] a3c2f0624cef91f460281b8e603cd1a45cc7423313ffbead08141a40e2f213ef
